{"id":125,"date":"2014-11-05T10:44:31","date_gmt":"2014-11-05T10:44:31","guid":{"rendered":"http:\/\/editionscle.com\/logos\/?page_id=125"},"modified":"2018-08-28T12:20:00","modified_gmt":"2018-08-28T12:20:00","slug":"pack-cle-premier","status":"publish","type":"page","link":"https:\/\/blogs.editionscle.com\/logos\/pack-cle-premier\/","title":{"rendered":"Pack Cl\u00e9-Premier"},"content":{"rendered":"<h4><strong>Achetez puis t\u00e9l\u00e9chargez\u00a0votre pack au meilleur prix\u00a0!<\/strong><\/h4>\n<p><a href=\"https:\/\/www.logos.com\/product\/43893\/pack-cle-premier\" target=\"_blank\" rel=\"noopener\"><img loading=\"lazy\" decoding=\"async\" class=\"alignnone size-medium wp-image-66\" src=\"http:\/\/www.editionscle.com\/logos\/wp-content\/uploads\/2014\/10\/LogoPackClePremier-210x300.jpg\" alt=\"LogoPackClePremier\" width=\"210\" height=\"300\" srcset=\"https:\/\/blogs.editionscle.com\/logos\/wp-content\/uploads\/sites\/3\/2014\/10\/LogoPackClePremier-210x300.jpg 210w, https:\/\/blogs.editionscle.com\/logos\/wp-content\/uploads\/sites\/3\/2014\/10\/LogoPackClePremier.jpg 600w\" sizes=\"auto, (max-width: 210px) 100vw, 210px\" \/><\/a><\/p>\n<ul>\n<li><a title=\"Pack Cl\u00e9-Premier\" href=\"https:\/\/www.logos.com\/product\/43893\/pack-cle-premier\" target=\"_blank\" rel=\"noopener\">Pour l&rsquo;acheter \u00e0 299, 95 $ soit environ <strong>240\u00a0\u20ac<\/strong> cliquez\u00a0\u00a0ici<\/a>.<\/li>\n<li><strong>Vous avez d\u00e9j\u00e0 le\u00a0pack Cl\u00e9-D\u00e9couverte<\/strong>\u00a0 ?\u00a0profitez du prix <em>mis \u00e0 jour<\/em> de\u00a0<strong>172\u00a0\u20ac (environ)<\/strong>.<br \/>\nA savoir :\u00a0Le site\u00a0Logos.com ajustera automatiquement lors de votre achat le prix du pack Cl\u00e9-Premier si vous avez d\u00e9j\u00e0 le pack Cl\u00e9-D\u00e9couverte .<\/li>\n<li><strong>Si vous ne parlez pas anglais,<\/strong> avant d&rsquo;acheter le produit sur le site de Logos,\u00a0nous vous conseillons avant de lire <a title=\"Comment l\u2019acheter ?\" href=\"http:\/\/editionscle.com\/logos\/?page_id=188\">notre tutoriel en fran\u00e7ais<\/a>. Vous pouvez aussi t\u00e9l\u00e9phoner au +33\u00a04 37 56 25 00 et notre service client vous assistera pendant votre achat sur le site de Logos. N&rsquo;h\u00e9sitez pas, c&rsquo;est gratuit !<\/li>\n<li><a href=\"http:\/\/blogs.editionscle.com\/logos\/wp-content\/uploads\/sites\/3\/2014\/12\/Description-du-pack-Cl\u00e9-Premier-V4.pdf\">D\u00e9couvrez le contenu exhaustif du pack Cl\u00e9-Premier\u00a0\u00a0\u00a0<\/a><\/li>\n<li><strong>Avertissement\u00a0<\/strong>: le reverse interlin\u00e9aire de la LSG initialement planifi\u00e9e\u00a0dans ce pack n&rsquo;est pas disponible.\u00a0Lire la <a title=\"FAQ 7 : pourquoi n\u2019y a t-il pas de reverse interlin\u00e9aire dans le Pack Cl\u00e9-Premier ?\" href=\"http:\/\/editionscle.com\/logos\/faq-7-pourquoi-ny-a-t-il-pas-de-reverse-interlineaire-dans-le-pack-cle-premier\/\">FAQ commerciale 7<\/a>.<\/li>\n<\/ul>\n","protected":false},"excerpt":{"rendered":"<p>Achetez puis t\u00e9l\u00e9chargez\u00a0votre pack au meilleur prix\u00a0! Pour l&rsquo;acheter \u00e0 299, 95 $ soit environ 240\u00a0\u20ac cliquez\u00a0\u00a0ici. Vous avez d\u00e9j\u00e0 le\u00a0pack Cl\u00e9-D\u00e9couverte\u00a0 ?\u00a0profitez du prix mis \u00e0 jour de\u00a0172\u00a0\u20ac (environ). A savoir :\u00a0Le site\u00a0Logos.com ajustera automatiquement lors de votre achat le prix du pack Cl\u00e9-Premier si vous avez d\u00e9j\u00e0 le pack Cl\u00e9-D\u00e9couverte . Si vous &hellip; <a href=\"https:\/\/blogs.editionscle.com\/logos\/pack-cle-premier\/\" class=\"more-link\">Continuer la lecture de <span class=\"screen-reader-text\">Pack Cl\u00e9-Premier<\/span>  <span class=\"meta-nav\">&rarr;<\/span><\/a><\/p>\n","protected":false},"author":1,"featured_media":0,"parent":0,"menu_order":0,"comment_status":"closed","ping_status":"closed","template":"","meta":{"footnotes":""},"class_list":["post-125","page","type-page","status-publish","hentry"],"yoast_head":"<!-- This site is optimized with the Yoast SEO plugin v27.4 - https:\/\/yoast.com\/product\/yoast-seo-wordpress\/ -->\n<title>Pack Cl\u00e9-Premier - Espace Logos<\/title>\n<meta name=\"description\" content=\"D\u00e9couvrez le pack Cl\u00e9-Premier pour Logos r\u00e9alis\u00e9 par les \u00c9ditions Cl\u00e9. Contenu, tuto, proc\u00e9dure d&#039;achat...\" \/>\n<meta name=\"robots\" content=\"index, follow, max-snippet:-1, max-image-preview:large, max-video-preview:-1\" \/>\n<link rel=\"canonical\" href=\"https:\/\/blogs.editionscle.com\/logos\/pack-cle-premier\/\" \/>\n<meta property=\"og:locale\" content=\"fr_FR\" \/>\n<meta property=\"og:type\" content=\"article\" \/>\n<meta property=\"og:title\" content=\"Pack Cl\u00e9-Premier - Espace Logos\" \/>\n<meta property=\"og:description\" content=\"D\u00e9couvrez le pack Cl\u00e9-Premier pour Logos r\u00e9alis\u00e9 par les \u00c9ditions Cl\u00e9. Contenu, tuto, proc\u00e9dure d&#039;achat...\" \/>\n<meta property=\"og:url\" content=\"https:\/\/blogs.editionscle.com\/logos\/pack-cle-premier\/\" \/>\n<meta property=\"og:site_name\" content=\"Espace Logos\" \/>\n<meta property=\"article:modified_time\" content=\"2018-08-28T12:20:00+00:00\" \/>\n<meta property=\"og:image\" content=\"http:\/\/www.editionscle.com\/logos\/wp-content\/uploads\/2014\/10\/LogoPackClePremier-210x300.jpg\" \/>\n<meta name=\"twitter:card\" content=\"summary_large_image\" \/>\n<meta name=\"twitter:label1\" content=\"Dur\u00e9e de lecture estim\u00e9e\" \/>\n\t<meta name=\"twitter:data1\" content=\"1 minute\" \/>\n<script type=\"application\/ld+json\" class=\"yoast-schema-graph\">{\"@context\":\"https:\\\/\\\/schema.org\",\"@graph\":[{\"@type\":\"WebPage\",\"@id\":\"https:\\\/\\\/blogs.editionscle.com\\\/logos\\\/pack-cle-premier\\\/\",\"url\":\"https:\\\/\\\/blogs.editionscle.com\\\/logos\\\/pack-cle-premier\\\/\",\"name\":\"Pack Cl\u00e9-Premier - Espace Logos\",\"isPartOf\":{\"@id\":\"https:\\\/\\\/blogs.editionscle.com\\\/logos\\\/#website\"},\"primaryImageOfPage\":{\"@id\":\"https:\\\/\\\/blogs.editionscle.com\\\/logos\\\/pack-cle-premier\\\/#primaryimage\"},\"image\":{\"@id\":\"https:\\\/\\\/blogs.editionscle.com\\\/logos\\\/pack-cle-premier\\\/#primaryimage\"},\"thumbnailUrl\":\"http:\\\/\\\/www.editionscle.com\\\/logos\\\/wp-content\\\/uploads\\\/2014\\\/10\\\/LogoPackClePremier-210x300.jpg\",\"datePublished\":\"2014-11-05T10:44:31+00:00\",\"dateModified\":\"2018-08-28T12:20:00+00:00\",\"description\":\"D\u00e9couvrez le pack Cl\u00e9-Premier pour Logos r\u00e9alis\u00e9 par les \u00c9ditions Cl\u00e9. Contenu, tuto, proc\u00e9dure d'achat...\",\"breadcrumb\":{\"@id\":\"https:\\\/\\\/blogs.editionscle.com\\\/logos\\\/pack-cle-premier\\\/#breadcrumb\"},\"inLanguage\":\"fr-FR\",\"potentialAction\":[{\"@type\":\"ReadAction\",\"target\":[\"https:\\\/\\\/blogs.editionscle.com\\\/logos\\\/pack-cle-premier\\\/\"]}]},{\"@type\":\"ImageObject\",\"inLanguage\":\"fr-FR\",\"@id\":\"https:\\\/\\\/blogs.editionscle.com\\\/logos\\\/pack-cle-premier\\\/#primaryimage\",\"url\":\"http:\\\/\\\/www.editionscle.com\\\/logos\\\/wp-content\\\/uploads\\\/2014\\\/10\\\/LogoPackClePremier-210x300.jpg\",\"contentUrl\":\"http:\\\/\\\/www.editionscle.com\\\/logos\\\/wp-content\\\/uploads\\\/2014\\\/10\\\/LogoPackClePremier-210x300.jpg\"},{\"@type\":\"BreadcrumbList\",\"@id\":\"https:\\\/\\\/blogs.editionscle.com\\\/logos\\\/pack-cle-premier\\\/#breadcrumb\",\"itemListElement\":[{\"@type\":\"ListItem\",\"position\":1,\"name\":\"Accueil\",\"item\":\"https:\\\/\\\/blogs.editionscle.com\\\/logos\\\/\"},{\"@type\":\"ListItem\",\"position\":2,\"name\":\"Pack Cl\u00e9-Premier\"}]},{\"@type\":\"WebSite\",\"@id\":\"https:\\\/\\\/blogs.editionscle.com\\\/logos\\\/#website\",\"url\":\"https:\\\/\\\/blogs.editionscle.com\\\/logos\\\/\",\"name\":\"Espace Logos\",\"description\":\"Tout sur la version fran\u00e7aise\",\"potentialAction\":[{\"@type\":\"SearchAction\",\"target\":{\"@type\":\"EntryPoint\",\"urlTemplate\":\"https:\\\/\\\/blogs.editionscle.com\\\/logos\\\/?s={search_term_string}\"},\"query-input\":{\"@type\":\"PropertyValueSpecification\",\"valueRequired\":true,\"valueName\":\"search_term_string\"}}],\"inLanguage\":\"fr-FR\"}]}<\/script>\n<!-- \/ Yoast SEO plugin. -->","yoast_head_json":{"title":"Pack Cl\u00e9-Premier - Espace Logos","description":"D\u00e9couvrez le pack Cl\u00e9-Premier pour Logos r\u00e9alis\u00e9 par les \u00c9ditions Cl\u00e9. Contenu, tuto, proc\u00e9dure d'achat...","robots":{"index":"index","follow":"follow","max-snippet":"max-snippet:-1","max-image-preview":"max-image-preview:large","max-video-preview":"max-video-preview:-1"},"canonical":"https:\/\/blogs.editionscle.com\/logos\/pack-cle-premier\/","og_locale":"fr_FR","og_type":"article","og_title":"Pack Cl\u00e9-Premier - Espace Logos","og_description":"D\u00e9couvrez le pack Cl\u00e9-Premier pour Logos r\u00e9alis\u00e9 par les \u00c9ditions Cl\u00e9. Contenu, tuto, proc\u00e9dure d'achat...","og_url":"https:\/\/blogs.editionscle.com\/logos\/pack-cle-premier\/","og_site_name":"Espace Logos","article_modified_time":"2018-08-28T12:20:00+00:00","og_image":[{"url":"http:\/\/www.editionscle.com\/logos\/wp-content\/uploads\/2014\/10\/LogoPackClePremier-210x300.jpg","type":"","width":"","height":""}],"twitter_card":"summary_large_image","twitter_misc":{"Dur\u00e9e de lecture estim\u00e9e":"1 minute"},"schema":{"@context":"https:\/\/schema.org","@graph":[{"@type":"WebPage","@id":"https:\/\/blogs.editionscle.com\/logos\/pack-cle-premier\/","url":"https:\/\/blogs.editionscle.com\/logos\/pack-cle-premier\/","name":"Pack Cl\u00e9-Premier - Espace Logos","isPartOf":{"@id":"https:\/\/blogs.editionscle.com\/logos\/#website"},"primaryImageOfPage":{"@id":"https:\/\/blogs.editionscle.com\/logos\/pack-cle-premier\/#primaryimage"},"image":{"@id":"https:\/\/blogs.editionscle.com\/logos\/pack-cle-premier\/#primaryimage"},"thumbnailUrl":"http:\/\/www.editionscle.com\/logos\/wp-content\/uploads\/2014\/10\/LogoPackClePremier-210x300.jpg","datePublished":"2014-11-05T10:44:31+00:00","dateModified":"2018-08-28T12:20:00+00:00","description":"D\u00e9couvrez le pack Cl\u00e9-Premier pour Logos r\u00e9alis\u00e9 par les \u00c9ditions Cl\u00e9. Contenu, tuto, proc\u00e9dure d'achat...","breadcrumb":{"@id":"https:\/\/blogs.editionscle.com\/logos\/pack-cle-premier\/#breadcrumb"},"inLanguage":"fr-FR","potentialAction":[{"@type":"ReadAction","target":["https:\/\/blogs.editionscle.com\/logos\/pack-cle-premier\/"]}]},{"@type":"ImageObject","inLanguage":"fr-FR","@id":"https:\/\/blogs.editionscle.com\/logos\/pack-cle-premier\/#primaryimage","url":"http:\/\/www.editionscle.com\/logos\/wp-content\/uploads\/2014\/10\/LogoPackClePremier-210x300.jpg","contentUrl":"http:\/\/www.editionscle.com\/logos\/wp-content\/uploads\/2014\/10\/LogoPackClePremier-210x300.jpg"},{"@type":"BreadcrumbList","@id":"https:\/\/blogs.editionscle.com\/logos\/pack-cle-premier\/#breadcrumb","itemListElement":[{"@type":"ListItem","position":1,"name":"Accueil","item":"https:\/\/blogs.editionscle.com\/logos\/"},{"@type":"ListItem","position":2,"name":"Pack Cl\u00e9-Premier"}]},{"@type":"WebSite","@id":"https:\/\/blogs.editionscle.com\/logos\/#website","url":"https:\/\/blogs.editionscle.com\/logos\/","name":"Espace Logos","description":"Tout sur la version fran\u00e7aise","potentialAction":[{"@type":"SearchAction","target":{"@type":"EntryPoint","urlTemplate":"https:\/\/blogs.editionscle.com\/logos\/?s={search_term_string}"},"query-input":{"@type":"PropertyValueSpecification","valueRequired":true,"valueName":"search_term_string"}}],"inLanguage":"fr-FR"}]}},"_links":{"self":[{"href":"https:\/\/blogs.editionscle.com\/logos\/wp-json\/wp\/v2\/pages\/125","targetHints":{"allow":["GET"]}}],"collection":[{"href":"https:\/\/blogs.editionscle.com\/logos\/wp-json\/wp\/v2\/pages"}],"about":[{"href":"https:\/\/blogs.editionscle.com\/logos\/wp-json\/wp\/v2\/types\/page"}],"author":[{"embeddable":true,"href":"https:\/\/blogs.editionscle.com\/logos\/wp-json\/wp\/v2\/users\/1"}],"replies":[{"embeddable":true,"href":"https:\/\/blogs.editionscle.com\/logos\/wp-json\/wp\/v2\/comments?post=125"}],"version-history":[{"count":10,"href":"https:\/\/blogs.editionscle.com\/logos\/wp-json\/wp\/v2\/pages\/125\/revisions"}],"predecessor-version":[{"id":788,"href":"https:\/\/blogs.editionscle.com\/logos\/wp-json\/wp\/v2\/pages\/125\/revisions\/788"}],"wp:attachment":[{"href":"https:\/\/blogs.editionscle.com\/logos\/wp-json\/wp\/v2\/media?parent=125"}],"curies":[{"name":"wp","href":"https:\/\/api.w.org\/{rel}","templated":true}]}}