{"id":158,"date":"2014-11-05T13:46:07","date_gmt":"2014-11-05T13:46:07","guid":{"rendered":"http:\/\/editionscle.com\/logos\/?page_id=158"},"modified":"2015-01-19T08:54:40","modified_gmt":"2015-01-19T08:54:40","slug":"evenements","status":"publish","type":"page","link":"https:\/\/blogs.editionscle.com\/logos\/evenements\/","title":{"rendered":"D\u00e9monstration \u00e0 Lognes"},"content":{"rendered":"<p><a href=\"http:\/\/www.editionscle.com\/logos\/wp-content\/uploads\/2014\/11\/StandCleLognes2014P2.jpg\"><img loading=\"lazy\" decoding=\"async\" class=\"aligncenter size-full wp-image-431\" src=\"http:\/\/www.editionscle.com\/logos\/wp-content\/uploads\/2014\/11\/StandCleLognes2014P2.jpg\" alt=\"StandCleLognes2014P2\" width=\"959\" height=\"502\" srcset=\"https:\/\/blogs.editionscle.com\/logos\/wp-content\/uploads\/sites\/3\/2014\/11\/StandCleLognes2014P2.jpg 959w, https:\/\/blogs.editionscle.com\/logos\/wp-content\/uploads\/sites\/3\/2014\/11\/StandCleLognes2014P2-300x157.jpg 300w\" sizes=\"auto, (max-width: 959px) 100vw, 959px\" \/><\/a><\/p>\n<p>Du dimanche 16 novembre au mardi 18 novembre vous \u00eates venus tr\u00e8s nombreux nous voir au CEAI de Lognes au stand Editions Cl\u00e9<br \/>\n<strong>salle 3\u00a0RDC <\/strong>.<br \/>\n<img loading=\"lazy\" decoding=\"async\" class=\"wp-image-432 alignright\" src=\"http:\/\/www.editionscle.com\/logos\/wp-content\/uploads\/2014\/11\/Lognes2014P1.jpg\" alt=\"Lognes2014P1\" width=\"288\" height=\"218\" srcset=\"https:\/\/blogs.editionscle.com\/logos\/wp-content\/uploads\/sites\/3\/2014\/11\/Lognes2014P1.jpg 857w, https:\/\/blogs.editionscle.com\/logos\/wp-content\/uploads\/sites\/3\/2014\/11\/Lognes2014P1-300x227.jpg 300w\" sizes=\"auto, (max-width: 288px) 100vw, 288px\" \/><\/p>\n<p>Vous avez pu voir les nouveaux produits Logos et demander des d\u00e9monstrations sur Mac ou PC. Le pack Cl\u00e9-Premier \u00e9tait une des grandes attractions\u00a02014.<\/p>\n<p>&nbsp;<\/p>\n<p><strong>Nous serons \u00e0 nouveau pr\u00e9sent en 2015, les 22, 23 et 24 novembre 2015. R\u00e9servez cette\u00a0date dans votre calendrier !<\/strong><\/p>\n<p><a href=\"http:\/\/www.editionscle.com\/logos\/wp-content\/uploads\/2014\/11\/StandCleLognes2014P3.jpg\"><img loading=\"lazy\" decoding=\"async\" class=\"aligncenter  wp-image-433\" src=\"http:\/\/www.editionscle.com\/logos\/wp-content\/uploads\/2014\/11\/StandCleLognes2014P3.jpg\" alt=\"StandCleLognes2014P3\" width=\"362\" height=\"270\" srcset=\"https:\/\/blogs.editionscle.com\/logos\/wp-content\/uploads\/sites\/3\/2014\/11\/StandCleLognes2014P3.jpg 2592w, https:\/\/blogs.editionscle.com\/logos\/wp-content\/uploads\/sites\/3\/2014\/11\/StandCleLognes2014P3-300x224.jpg 300w, https:\/\/blogs.editionscle.com\/logos\/wp-content\/uploads\/sites\/3\/2014\/11\/StandCleLognes2014P3-1024x764.jpg 1024w\" sizes=\"auto, (max-width: 362px) 100vw, 362px\" \/><\/a><\/p>\n<p>Plus d&rsquo;informations sur : <a title=\"Site officiel du CEAI\" href=\"http:\/\/centre-evangelique.fr\/\">centre-evangelique.fr<\/a><\/p>\n<p>&nbsp;<\/p>\n","protected":false},"excerpt":{"rendered":"<p>Du dimanche 16 novembre au mardi 18 novembre vous \u00eates venus tr\u00e8s nombreux nous voir au CEAI de Lognes au stand Editions Cl\u00e9 salle 3\u00a0RDC . Vous avez pu voir les nouveaux produits Logos et demander des d\u00e9monstrations sur Mac ou PC. Le pack Cl\u00e9-Premier \u00e9tait une des grandes attractions\u00a02014. &nbsp; Nous serons \u00e0 nouveau &hellip; <a href=\"https:\/\/blogs.editionscle.com\/logos\/evenements\/\" class=\"more-link\">Continuer la lecture de <span class=\"screen-reader-text\">D\u00e9monstration \u00e0 Lognes<\/span>  <span class=\"meta-nav\">&rarr;<\/span><\/a><\/p>\n","protected":false},"author":1,"featured_media":0,"parent":0,"menu_order":0,"comment_status":"closed","ping_status":"closed","template":"","meta":{"footnotes":""},"class_list":["post-158","page","type-page","status-publish","hentry"],"yoast_head":"<!-- This site is optimized with the Yoast SEO plugin v27.4 - https:\/\/yoast.com\/product\/yoast-seo-wordpress\/ -->\n<title>D\u00e9monstration \u00e0 Lognes - Espace Logos<\/title>\n<meta name=\"robots\" content=\"index, follow, max-snippet:-1, max-image-preview:large, max-video-preview:-1\" \/>\n<link rel=\"canonical\" href=\"https:\/\/blogs.editionscle.com\/logos\/evenements\/\" \/>\n<meta property=\"og:locale\" content=\"fr_FR\" \/>\n<meta property=\"og:type\" content=\"article\" \/>\n<meta property=\"og:title\" content=\"D\u00e9monstration \u00e0 Lognes - Espace Logos\" \/>\n<meta property=\"og:description\" content=\"Du dimanche 16 novembre au mardi 18 novembre vous \u00eates venus tr\u00e8s nombreux nous voir au CEAI de Lognes au stand Editions Cl\u00e9 salle 3\u00a0RDC . Vous avez pu voir les nouveaux produits Logos et demander des d\u00e9monstrations sur Mac ou PC. Le pack Cl\u00e9-Premier \u00e9tait une des grandes attractions\u00a02014. &nbsp; Nous serons \u00e0 nouveau &hellip; Continuer la lecture de D\u00e9monstration \u00e0 Lognes &rarr;\" \/>\n<meta property=\"og:url\" content=\"https:\/\/blogs.editionscle.com\/logos\/evenements\/\" \/>\n<meta property=\"og:site_name\" content=\"Espace Logos\" \/>\n<meta property=\"article:modified_time\" content=\"2015-01-19T08:54:40+00:00\" \/>\n<meta property=\"og:image\" content=\"http:\/\/www.editionscle.com\/logos\/wp-content\/uploads\/2014\/11\/StandCleLognes2014P2.jpg\" \/>\n<meta name=\"twitter:card\" content=\"summary_large_image\" \/>\n<script type=\"application\/ld+json\" class=\"yoast-schema-graph\">{\"@context\":\"https:\\\/\\\/schema.org\",\"@graph\":[{\"@type\":\"WebPage\",\"@id\":\"https:\\\/\\\/blogs.editionscle.com\\\/logos\\\/evenements\\\/\",\"url\":\"https:\\\/\\\/blogs.editionscle.com\\\/logos\\\/evenements\\\/\",\"name\":\"D\u00e9monstration \u00e0 Lognes - Espace Logos\",\"isPartOf\":{\"@id\":\"https:\\\/\\\/blogs.editionscle.com\\\/logos\\\/#website\"},\"primaryImageOfPage\":{\"@id\":\"https:\\\/\\\/blogs.editionscle.com\\\/logos\\\/evenements\\\/#primaryimage\"},\"image\":{\"@id\":\"https:\\\/\\\/blogs.editionscle.com\\\/logos\\\/evenements\\\/#primaryimage\"},\"thumbnailUrl\":\"http:\\\/\\\/www.editionscle.com\\\/logos\\\/wp-content\\\/uploads\\\/2014\\\/11\\\/StandCleLognes2014P2.jpg\",\"datePublished\":\"2014-11-05T13:46:07+00:00\",\"dateModified\":\"2015-01-19T08:54:40+00:00\",\"breadcrumb\":{\"@id\":\"https:\\\/\\\/blogs.editionscle.com\\\/logos\\\/evenements\\\/#breadcrumb\"},\"inLanguage\":\"fr-FR\",\"potentialAction\":[{\"@type\":\"ReadAction\",\"target\":[\"https:\\\/\\\/blogs.editionscle.com\\\/logos\\\/evenements\\\/\"]}]},{\"@type\":\"ImageObject\",\"inLanguage\":\"fr-FR\",\"@id\":\"https:\\\/\\\/blogs.editionscle.com\\\/logos\\\/evenements\\\/#primaryimage\",\"url\":\"http:\\\/\\\/www.editionscle.com\\\/logos\\\/wp-content\\\/uploads\\\/2014\\\/11\\\/StandCleLognes2014P2.jpg\",\"contentUrl\":\"http:\\\/\\\/www.editionscle.com\\\/logos\\\/wp-content\\\/uploads\\\/2014\\\/11\\\/StandCleLognes2014P2.jpg\"},{\"@type\":\"BreadcrumbList\",\"@id\":\"https:\\\/\\\/blogs.editionscle.com\\\/logos\\\/evenements\\\/#breadcrumb\",\"itemListElement\":[{\"@type\":\"ListItem\",\"position\":1,\"name\":\"Accueil\",\"item\":\"https:\\\/\\\/blogs.editionscle.com\\\/logos\\\/\"},{\"@type\":\"ListItem\",\"position\":2,\"name\":\"D\u00e9monstration \u00e0 Lognes\"}]},{\"@type\":\"WebSite\",\"@id\":\"https:\\\/\\\/blogs.editionscle.com\\\/logos\\\/#website\",\"url\":\"https:\\\/\\\/blogs.editionscle.com\\\/logos\\\/\",\"name\":\"Espace Logos\",\"description\":\"Tout sur la version fran\u00e7aise\",\"potentialAction\":[{\"@type\":\"SearchAction\",\"target\":{\"@type\":\"EntryPoint\",\"urlTemplate\":\"https:\\\/\\\/blogs.editionscle.com\\\/logos\\\/?s={search_term_string}\"},\"query-input\":{\"@type\":\"PropertyValueSpecification\",\"valueRequired\":true,\"valueName\":\"search_term_string\"}}],\"inLanguage\":\"fr-FR\"}]}<\/script>\n<!-- \/ Yoast SEO plugin. -->","yoast_head_json":{"title":"D\u00e9monstration \u00e0 Lognes - Espace Logos","robots":{"index":"index","follow":"follow","max-snippet":"max-snippet:-1","max-image-preview":"max-image-preview:large","max-video-preview":"max-video-preview:-1"},"canonical":"https:\/\/blogs.editionscle.com\/logos\/evenements\/","og_locale":"fr_FR","og_type":"article","og_title":"D\u00e9monstration \u00e0 Lognes - Espace Logos","og_description":"Du dimanche 16 novembre au mardi 18 novembre vous \u00eates venus tr\u00e8s nombreux nous voir au CEAI de Lognes au stand Editions Cl\u00e9 salle 3\u00a0RDC . Vous avez pu voir les nouveaux produits Logos et demander des d\u00e9monstrations sur Mac ou PC. Le pack Cl\u00e9-Premier \u00e9tait une des grandes attractions\u00a02014. &nbsp; Nous serons \u00e0 nouveau &hellip; Continuer la lecture de D\u00e9monstration \u00e0 Lognes &rarr;","og_url":"https:\/\/blogs.editionscle.com\/logos\/evenements\/","og_site_name":"Espace Logos","article_modified_time":"2015-01-19T08:54:40+00:00","og_image":[{"url":"http:\/\/www.editionscle.com\/logos\/wp-content\/uploads\/2014\/11\/StandCleLognes2014P2.jpg","type":"","width":"","height":""}],"twitter_card":"summary_large_image","schema":{"@context":"https:\/\/schema.org","@graph":[{"@type":"WebPage","@id":"https:\/\/blogs.editionscle.com\/logos\/evenements\/","url":"https:\/\/blogs.editionscle.com\/logos\/evenements\/","name":"D\u00e9monstration \u00e0 Lognes - Espace Logos","isPartOf":{"@id":"https:\/\/blogs.editionscle.com\/logos\/#website"},"primaryImageOfPage":{"@id":"https:\/\/blogs.editionscle.com\/logos\/evenements\/#primaryimage"},"image":{"@id":"https:\/\/blogs.editionscle.com\/logos\/evenements\/#primaryimage"},"thumbnailUrl":"http:\/\/www.editionscle.com\/logos\/wp-content\/uploads\/2014\/11\/StandCleLognes2014P2.jpg","datePublished":"2014-11-05T13:46:07+00:00","dateModified":"2015-01-19T08:54:40+00:00","breadcrumb":{"@id":"https:\/\/blogs.editionscle.com\/logos\/evenements\/#breadcrumb"},"inLanguage":"fr-FR","potentialAction":[{"@type":"ReadAction","target":["https:\/\/blogs.editionscle.com\/logos\/evenements\/"]}]},{"@type":"ImageObject","inLanguage":"fr-FR","@id":"https:\/\/blogs.editionscle.com\/logos\/evenements\/#primaryimage","url":"http:\/\/www.editionscle.com\/logos\/wp-content\/uploads\/2014\/11\/StandCleLognes2014P2.jpg","contentUrl":"http:\/\/www.editionscle.com\/logos\/wp-content\/uploads\/2014\/11\/StandCleLognes2014P2.jpg"},{"@type":"BreadcrumbList","@id":"https:\/\/blogs.editionscle.com\/logos\/evenements\/#breadcrumb","itemListElement":[{"@type":"ListItem","position":1,"name":"Accueil","item":"https:\/\/blogs.editionscle.com\/logos\/"},{"@type":"ListItem","position":2,"name":"D\u00e9monstration \u00e0 Lognes"}]},{"@type":"WebSite","@id":"https:\/\/blogs.editionscle.com\/logos\/#website","url":"https:\/\/blogs.editionscle.com\/logos\/","name":"Espace Logos","description":"Tout sur la version fran\u00e7aise","potentialAction":[{"@type":"SearchAction","target":{"@type":"EntryPoint","urlTemplate":"https:\/\/blogs.editionscle.com\/logos\/?s={search_term_string}"},"query-input":{"@type":"PropertyValueSpecification","valueRequired":true,"valueName":"search_term_string"}}],"inLanguage":"fr-FR"}]}},"_links":{"self":[{"href":"https:\/\/blogs.editionscle.com\/logos\/wp-json\/wp\/v2\/pages\/158","targetHints":{"allow":["GET"]}}],"collection":[{"href":"https:\/\/blogs.editionscle.com\/logos\/wp-json\/wp\/v2\/pages"}],"about":[{"href":"https:\/\/blogs.editionscle.com\/logos\/wp-json\/wp\/v2\/types\/page"}],"author":[{"embeddable":true,"href":"https:\/\/blogs.editionscle.com\/logos\/wp-json\/wp\/v2\/users\/1"}],"replies":[{"embeddable":true,"href":"https:\/\/blogs.editionscle.com\/logos\/wp-json\/wp\/v2\/comments?post=158"}],"version-history":[{"count":10,"href":"https:\/\/blogs.editionscle.com\/logos\/wp-json\/wp\/v2\/pages\/158\/revisions"}],"predecessor-version":[{"id":596,"href":"https:\/\/blogs.editionscle.com\/logos\/wp-json\/wp\/v2\/pages\/158\/revisions\/596"}],"wp:attachment":[{"href":"https:\/\/blogs.editionscle.com\/logos\/wp-json\/wp\/v2\/media?parent=158"}],"curies":[{"name":"wp","href":"https:\/\/api.w.org\/{rel}","templated":true}]}}