{"id":200,"date":"2014-11-05T16:07:27","date_gmt":"2014-11-05T16:07:27","guid":{"rendered":"http:\/\/editionscle.com\/logos\/?page_id=200"},"modified":"2014-11-13T09:23:31","modified_gmt":"2014-11-13T09:23:31","slug":"faq-2-pourquoi-logos-est-il-plus-cher-que-la-bible-online","status":"publish","type":"page","link":"https:\/\/blogs.editionscle.com\/logos\/faq-2-pourquoi-logos-est-il-plus-cher-que-la-bible-online\/","title":{"rendered":"FAQ 2 : Pourquoi LOGOS est il plus cher que la Bible Online ?"},"content":{"rendered":"<ul>\n<li><b>LOGOS dispose de nombreuses <\/b><b>fonctions d\u2019\u00e9tudes UNIQUES : <\/b>mode d\u2019affichage, g\u00e9n\u00e9alogies*, chronologies*, interlin\u00e9aire invers\u00e9, partage de notes communautaire, <b>\u2026 <\/b>Reposant sur 25 ann\u00e9es d\u2019exp\u00e9rience du leader mondial du logiciel biblique, LOGOS a \u00e9t\u00e9 con\u00e7u \u00e0 partir des besoins de ceux qui \u00e9tudient la Bible au quotidien. Pr\u00e8s de 300 personnes travaillent chaque jour \u00e0 am\u00e9liorer Logos.<\/li>\n<li><b>L\u2019ergonomie de Logos est esth\u00e9tique et intuitive<br \/>\n<\/b>\u00ab\u00a0Agr\u00e9able et plus simple \u00e0 utiliser\u00a0\u00bb constatent les nouveaux utilisateurs. Nombre de fonctions dans un logiciel biblique traditionnel sont complexes et peu utilis\u00e9es. LOGOS vous met \u00e0 port\u00e9e de main des outils puissants pour explorer la Bible. Vous passez moins de temps \u00e0 chercher, plus \u00e0 \u00e9tudier.<\/li>\n<li><b>Vous installez Logos sur tous les <\/b><b>appareils que vous <\/b><b>utilisez avec une seule licence <\/b><b>: <\/b>PC, MAC, Tablette, Smartphone. Sans co\u00fbt suppl\u00e9mentaire.<br \/>\nUne licence = Logos install\u00e9 sur tous les appareils d\u2019une personne physique.<\/li>\n<li><b>Acc\u00e9dez<\/b> <b>\u00e0 <\/b><b>la plus grande <\/b><b>collection de <\/b><b>ressources num\u00e9riques<\/b> <b>chr\u00e9tienne<\/b> <b>au <\/b><b>monde <\/b>pour enrichir votre biblioth\u00e8que. Plus de 30 000 ressources d\u00e9j\u00e0 disponibles en anglais. Un large choix disponible en fran\u00e7ais et bien d\u2019autres \u00e0 venir.<\/li>\n<li><b>De <\/b><b>nombreuses ressources fran\u00e7aises sont disponibles au format <\/b><b>num\u00e9rique <\/b><b>exclusivement sur LOGOS <\/b>(Commentaires Wiersbe, EBC, interlinaire invers\u00e9, etc).<\/li>\n<li><b>Vous<\/b> <b>retrouvez la m\u00eame pr\u00e9sentation qu\u2019un livre papier<\/b> tout en b\u00e9n\u00e9ficiant des avantages qu\u2019offre une ressource \u00e9lectronique dans un logiciel biblique.<\/li>\n<li><b>Vous utilisez toujours la derni\u00e8re version du logiciel et des ressources <\/b>car LOGOS est mis \u00e0 jour en continu, automatiquement<b>. <\/b>Optimisation, renforcement de la s\u00e9curit\u00e9, mise \u00e0 jour de vos ressources,.. LOGOS se met \u00e0 jour de lui-m\u00eame r\u00e9guli\u00e8rement sans intervention de votre part.<\/li>\n<\/ul>\n","protected":false},"excerpt":{"rendered":"<p>LOGOS dispose de nombreuses fonctions d\u2019\u00e9tudes UNIQUES : mode d\u2019affichage, g\u00e9n\u00e9alogies*, chronologies*, interlin\u00e9aire invers\u00e9, partage de notes communautaire, \u2026 Reposant sur 25 ann\u00e9es d\u2019exp\u00e9rience du leader mondial du logiciel biblique, LOGOS a \u00e9t\u00e9 con\u00e7u \u00e0 partir des besoins de ceux qui \u00e9tudient la Bible au quotidien. Pr\u00e8s de 300 personnes travaillent chaque jour \u00e0 am\u00e9liorer &hellip; <a href=\"https:\/\/blogs.editionscle.com\/logos\/faq-2-pourquoi-logos-est-il-plus-cher-que-la-bible-online\/\" class=\"more-link\">Continuer la lecture de <span class=\"screen-reader-text\">FAQ 2 : Pourquoi LOGOS est il plus cher que la Bible Online ?<\/span>  <span class=\"meta-nav\">&rarr;<\/span><\/a><\/p>\n","protected":false},"author":1,"featured_media":0,"parent":0,"menu_order":0,"comment_status":"closed","ping_status":"closed","template":"","meta":{"footnotes":""},"class_list":["post-200","page","type-page","status-publish","hentry"],"yoast_head":"<!-- This site is optimized with the Yoast SEO plugin v27.4 - https:\/\/yoast.com\/product\/yoast-seo-wordpress\/ -->\n<title>FAQ 2 : Pourquoi LOGOS est il plus cher que la Bible Online ? - Espace Logos<\/title>\n<meta name=\"robots\" content=\"index, follow, max-snippet:-1, max-image-preview:large, max-video-preview:-1\" \/>\n<link rel=\"canonical\" href=\"https:\/\/blogs.editionscle.com\/logos\/faq-2-pourquoi-logos-est-il-plus-cher-que-la-bible-online\/\" \/>\n<meta property=\"og:locale\" content=\"fr_FR\" \/>\n<meta property=\"og:type\" content=\"article\" \/>\n<meta property=\"og:title\" content=\"FAQ 2 : Pourquoi LOGOS est il plus cher que la Bible Online ? - Espace Logos\" \/>\n<meta property=\"og:description\" content=\"LOGOS dispose de nombreuses fonctions d\u2019\u00e9tudes UNIQUES : mode d\u2019affichage, g\u00e9n\u00e9alogies*, chronologies*, interlin\u00e9aire invers\u00e9, partage de notes communautaire, \u2026 Reposant sur 25 ann\u00e9es d\u2019exp\u00e9rience du leader mondial du logiciel biblique, LOGOS a \u00e9t\u00e9 con\u00e7u \u00e0 partir des besoins de ceux qui \u00e9tudient la Bible au quotidien. Pr\u00e8s de 300 personnes travaillent chaque jour \u00e0 am\u00e9liorer &hellip; Continuer la lecture de FAQ 2 : Pourquoi LOGOS est il plus cher que la Bible Online ? &rarr;\" \/>\n<meta property=\"og:url\" content=\"https:\/\/blogs.editionscle.com\/logos\/faq-2-pourquoi-logos-est-il-plus-cher-que-la-bible-online\/\" \/>\n<meta property=\"og:site_name\" content=\"Espace Logos\" \/>\n<meta property=\"article:modified_time\" content=\"2014-11-13T09:23:31+00:00\" \/>\n<meta name=\"twitter:card\" content=\"summary_large_image\" \/>\n<meta name=\"twitter:label1\" content=\"Dur\u00e9e de lecture estim\u00e9e\" \/>\n\t<meta name=\"twitter:data1\" content=\"1 minute\" \/>\n<script type=\"application\/ld+json\" class=\"yoast-schema-graph\">{\"@context\":\"https:\\\/\\\/schema.org\",\"@graph\":[{\"@type\":\"WebPage\",\"@id\":\"https:\\\/\\\/blogs.editionscle.com\\\/logos\\\/faq-2-pourquoi-logos-est-il-plus-cher-que-la-bible-online\\\/\",\"url\":\"https:\\\/\\\/blogs.editionscle.com\\\/logos\\\/faq-2-pourquoi-logos-est-il-plus-cher-que-la-bible-online\\\/\",\"name\":\"FAQ 2 : Pourquoi LOGOS est il plus cher que la Bible Online ? - Espace Logos\",\"isPartOf\":{\"@id\":\"https:\\\/\\\/blogs.editionscle.com\\\/logos\\\/#website\"},\"datePublished\":\"2014-11-05T16:07:27+00:00\",\"dateModified\":\"2014-11-13T09:23:31+00:00\",\"breadcrumb\":{\"@id\":\"https:\\\/\\\/blogs.editionscle.com\\\/logos\\\/faq-2-pourquoi-logos-est-il-plus-cher-que-la-bible-online\\\/#breadcrumb\"},\"inLanguage\":\"fr-FR\",\"potentialAction\":[{\"@type\":\"ReadAction\",\"target\":[\"https:\\\/\\\/blogs.editionscle.com\\\/logos\\\/faq-2-pourquoi-logos-est-il-plus-cher-que-la-bible-online\\\/\"]}]},{\"@type\":\"BreadcrumbList\",\"@id\":\"https:\\\/\\\/blogs.editionscle.com\\\/logos\\\/faq-2-pourquoi-logos-est-il-plus-cher-que-la-bible-online\\\/#breadcrumb\",\"itemListElement\":[{\"@type\":\"ListItem\",\"position\":1,\"name\":\"Accueil\",\"item\":\"https:\\\/\\\/blogs.editionscle.com\\\/logos\\\/\"},{\"@type\":\"ListItem\",\"position\":2,\"name\":\"FAQ 2 : Pourquoi LOGOS est il plus cher que la Bible Online ?\"}]},{\"@type\":\"WebSite\",\"@id\":\"https:\\\/\\\/blogs.editionscle.com\\\/logos\\\/#website\",\"url\":\"https:\\\/\\\/blogs.editionscle.com\\\/logos\\\/\",\"name\":\"Espace Logos\",\"description\":\"Tout sur la version fran\u00e7aise\",\"potentialAction\":[{\"@type\":\"SearchAction\",\"target\":{\"@type\":\"EntryPoint\",\"urlTemplate\":\"https:\\\/\\\/blogs.editionscle.com\\\/logos\\\/?s={search_term_string}\"},\"query-input\":{\"@type\":\"PropertyValueSpecification\",\"valueRequired\":true,\"valueName\":\"search_term_string\"}}],\"inLanguage\":\"fr-FR\"}]}<\/script>\n<!-- \/ Yoast SEO plugin. -->","yoast_head_json":{"title":"FAQ 2 : Pourquoi LOGOS est il plus cher que la Bible Online ? - Espace Logos","robots":{"index":"index","follow":"follow","max-snippet":"max-snippet:-1","max-image-preview":"max-image-preview:large","max-video-preview":"max-video-preview:-1"},"canonical":"https:\/\/blogs.editionscle.com\/logos\/faq-2-pourquoi-logos-est-il-plus-cher-que-la-bible-online\/","og_locale":"fr_FR","og_type":"article","og_title":"FAQ 2 : Pourquoi LOGOS est il plus cher que la Bible Online ? - Espace Logos","og_description":"LOGOS dispose de nombreuses fonctions d\u2019\u00e9tudes UNIQUES : mode d\u2019affichage, g\u00e9n\u00e9alogies*, chronologies*, interlin\u00e9aire invers\u00e9, partage de notes communautaire, \u2026 Reposant sur 25 ann\u00e9es d\u2019exp\u00e9rience du leader mondial du logiciel biblique, LOGOS a \u00e9t\u00e9 con\u00e7u \u00e0 partir des besoins de ceux qui \u00e9tudient la Bible au quotidien. Pr\u00e8s de 300 personnes travaillent chaque jour \u00e0 am\u00e9liorer &hellip; Continuer la lecture de FAQ 2 : Pourquoi LOGOS est il plus cher que la Bible Online ? &rarr;","og_url":"https:\/\/blogs.editionscle.com\/logos\/faq-2-pourquoi-logos-est-il-plus-cher-que-la-bible-online\/","og_site_name":"Espace Logos","article_modified_time":"2014-11-13T09:23:31+00:00","twitter_card":"summary_large_image","twitter_misc":{"Dur\u00e9e de lecture estim\u00e9e":"1 minute"},"schema":{"@context":"https:\/\/schema.org","@graph":[{"@type":"WebPage","@id":"https:\/\/blogs.editionscle.com\/logos\/faq-2-pourquoi-logos-est-il-plus-cher-que-la-bible-online\/","url":"https:\/\/blogs.editionscle.com\/logos\/faq-2-pourquoi-logos-est-il-plus-cher-que-la-bible-online\/","name":"FAQ 2 : Pourquoi LOGOS est il plus cher que la Bible Online ? - Espace Logos","isPartOf":{"@id":"https:\/\/blogs.editionscle.com\/logos\/#website"},"datePublished":"2014-11-05T16:07:27+00:00","dateModified":"2014-11-13T09:23:31+00:00","breadcrumb":{"@id":"https:\/\/blogs.editionscle.com\/logos\/faq-2-pourquoi-logos-est-il-plus-cher-que-la-bible-online\/#breadcrumb"},"inLanguage":"fr-FR","potentialAction":[{"@type":"ReadAction","target":["https:\/\/blogs.editionscle.com\/logos\/faq-2-pourquoi-logos-est-il-plus-cher-que-la-bible-online\/"]}]},{"@type":"BreadcrumbList","@id":"https:\/\/blogs.editionscle.com\/logos\/faq-2-pourquoi-logos-est-il-plus-cher-que-la-bible-online\/#breadcrumb","itemListElement":[{"@type":"ListItem","position":1,"name":"Accueil","item":"https:\/\/blogs.editionscle.com\/logos\/"},{"@type":"ListItem","position":2,"name":"FAQ 2 : Pourquoi LOGOS est il plus cher que la Bible Online ?"}]},{"@type":"WebSite","@id":"https:\/\/blogs.editionscle.com\/logos\/#website","url":"https:\/\/blogs.editionscle.com\/logos\/","name":"Espace Logos","description":"Tout sur la version fran\u00e7aise","potentialAction":[{"@type":"SearchAction","target":{"@type":"EntryPoint","urlTemplate":"https:\/\/blogs.editionscle.com\/logos\/?s={search_term_string}"},"query-input":{"@type":"PropertyValueSpecification","valueRequired":true,"valueName":"search_term_string"}}],"inLanguage":"fr-FR"}]}},"_links":{"self":[{"href":"https:\/\/blogs.editionscle.com\/logos\/wp-json\/wp\/v2\/pages\/200","targetHints":{"allow":["GET"]}}],"collection":[{"href":"https:\/\/blogs.editionscle.com\/logos\/wp-json\/wp\/v2\/pages"}],"about":[{"href":"https:\/\/blogs.editionscle.com\/logos\/wp-json\/wp\/v2\/types\/page"}],"author":[{"embeddable":true,"href":"https:\/\/blogs.editionscle.com\/logos\/wp-json\/wp\/v2\/users\/1"}],"replies":[{"embeddable":true,"href":"https:\/\/blogs.editionscle.com\/logos\/wp-json\/wp\/v2\/comments?post=200"}],"version-history":[{"count":3,"href":"https:\/\/blogs.editionscle.com\/logos\/wp-json\/wp\/v2\/pages\/200\/revisions"}],"predecessor-version":[{"id":381,"href":"https:\/\/blogs.editionscle.com\/logos\/wp-json\/wp\/v2\/pages\/200\/revisions\/381"}],"wp:attachment":[{"href":"https:\/\/blogs.editionscle.com\/logos\/wp-json\/wp\/v2\/media?parent=200"}],"curies":[{"name":"wp","href":"https:\/\/api.w.org\/{rel}","templated":true}]}}