{"id":355,"date":"2014-11-12T09:54:22","date_gmt":"2014-11-12T09:54:22","guid":{"rendered":"http:\/\/editionscle.com\/logos\/?page_id=355"},"modified":"2014-11-12T12:37:59","modified_gmt":"2014-11-12T12:37:59","slug":"faq-6-jai-deja-un-base-package-de-logos-en-anglais-avec-des-dizaines-de-ressources-est-ce-que-les-packs-cle-marcheront-avec","status":"publish","type":"page","link":"https:\/\/blogs.editionscle.com\/logos\/faq-6-jai-deja-un-base-package-de-logos-en-anglais-avec-des-dizaines-de-ressources-est-ce-que-les-packs-cle-marcheront-avec\/","title":{"rendered":"FAQ 6 : J&rsquo;ai d\u00e9j\u00e0 Logos 5 ou 6 avec des dizaines de ressources en anglais. Est-ce que les packs Cl\u00e9 fonctionneront avec ?"},"content":{"rendered":"<p><strong>Oui. <\/strong>Logos est un outil qui accepte des ressources en plusieurs langues. Les packs Cl\u00e9 sont des collections de ressources qui fonctionnent seules ou avec les autres ressources Logos. Elles sont enti\u00e8rement\u00a0compatibles.<\/p>\n<p><strong>Nota :<\/strong> Si vous avez d\u00e9j\u00e0 Logos 6, elles fonctionnent \u00e9galement.<\/p>\n<p><strong>Notre conseil<\/strong> : \u00e0 Cl\u00e9, nous travaillons avec les packs Cl\u00e9 et des bases package en anglais. Nous vous conseillons de prioriser vos ressources (bibles, dictionnaires, lexiques) pour travailler avec celles que vous pr\u00e9f\u00e9rez en priorit\u00e9. Vous pouvez par exemple prioriser le lexique Strong fran\u00e7ais sur le lexique anglais. Idem avec les dictionnaires ou les versions de la Bible.<\/p>\n<p><strong>Voir aussi :<\/strong> la fonction <strong>Prioriser <\/strong>dans cet espace ou examiner\u00a0l&rsquo;exemple ci-dessous :<\/p>\n<p><a href=\"http:\/\/www.editionscle.com\/logos\/wp-content\/uploads\/2014\/11\/FAQ6P1.jpg\"><img loading=\"lazy\" decoding=\"async\" class=\"aligncenter size-full wp-image-358\" src=\"http:\/\/www.editionscle.com\/logos\/wp-content\/uploads\/2014\/11\/FAQ6P1.jpg\" alt=\"FAQ6P1\" width=\"1069\" height=\"590\" \/><\/a><\/p>\n","protected":false},"excerpt":{"rendered":"<p>Oui. Logos est un outil qui accepte des ressources en plusieurs langues. Les packs Cl\u00e9 sont des collections de ressources qui fonctionnent seules ou avec les autres ressources Logos. Elles sont enti\u00e8rement\u00a0compatibles. Nota : Si vous avez d\u00e9j\u00e0 Logos 6, elles fonctionnent \u00e9galement. Notre conseil : \u00e0 Cl\u00e9, nous travaillons avec les packs Cl\u00e9 et &hellip; <a href=\"https:\/\/blogs.editionscle.com\/logos\/faq-6-jai-deja-un-base-package-de-logos-en-anglais-avec-des-dizaines-de-ressources-est-ce-que-les-packs-cle-marcheront-avec\/\" class=\"more-link\">Continuer la lecture de <span class=\"screen-reader-text\">FAQ 6 : J&rsquo;ai d\u00e9j\u00e0 Logos 5 ou 6 avec des dizaines de ressources en anglais. Est-ce que les packs Cl\u00e9 fonctionneront avec ?<\/span>  <span class=\"meta-nav\">&rarr;<\/span><\/a><\/p>\n","protected":false},"author":1,"featured_media":0,"parent":0,"menu_order":0,"comment_status":"closed","ping_status":"closed","template":"","meta":{"footnotes":""},"class_list":["post-355","page","type-page","status-publish","hentry"],"yoast_head":"<!-- This site is optimized with the Yoast SEO plugin v27.4 - https:\/\/yoast.com\/product\/yoast-seo-wordpress\/ -->\n<title>FAQ 6 : J&#039;ai d\u00e9j\u00e0 Logos 5 ou 6 avec des dizaines de ressources en anglais. Est-ce que les packs Cl\u00e9 fonctionneront avec ? - Espace Logos<\/title>\n<meta name=\"robots\" content=\"index, follow, max-snippet:-1, max-image-preview:large, max-video-preview:-1\" \/>\n<link rel=\"canonical\" href=\"https:\/\/blogs.editionscle.com\/logos\/faq-6-jai-deja-un-base-package-de-logos-en-anglais-avec-des-dizaines-de-ressources-est-ce-que-les-packs-cle-marcheront-avec\/\" \/>\n<meta property=\"og:locale\" content=\"fr_FR\" \/>\n<meta property=\"og:type\" content=\"article\" \/>\n<meta property=\"og:title\" content=\"FAQ 6 : J&#039;ai d\u00e9j\u00e0 Logos 5 ou 6 avec des dizaines de ressources en anglais. Est-ce que les packs Cl\u00e9 fonctionneront avec ? - Espace Logos\" \/>\n<meta property=\"og:description\" content=\"Oui. Logos est un outil qui accepte des ressources en plusieurs langues. Les packs Cl\u00e9 sont des collections de ressources qui fonctionnent seules ou avec les autres ressources Logos. Elles sont enti\u00e8rement\u00a0compatibles. Nota : Si vous avez d\u00e9j\u00e0 Logos 6, elles fonctionnent \u00e9galement. Notre conseil : \u00e0 Cl\u00e9, nous travaillons avec les packs Cl\u00e9 et &hellip; Continuer la lecture de FAQ 6 : J&rsquo;ai d\u00e9j\u00e0 Logos 5 ou 6 avec des dizaines de ressources en anglais. Est-ce que les packs Cl\u00e9 fonctionneront avec ? &rarr;\" \/>\n<meta property=\"og:url\" content=\"https:\/\/blogs.editionscle.com\/logos\/faq-6-jai-deja-un-base-package-de-logos-en-anglais-avec-des-dizaines-de-ressources-est-ce-que-les-packs-cle-marcheront-avec\/\" \/>\n<meta property=\"og:site_name\" content=\"Espace Logos\" \/>\n<meta property=\"article:modified_time\" content=\"2014-11-12T12:37:59+00:00\" \/>\n<meta property=\"og:image\" content=\"http:\/\/www.editionscle.com\/logos\/wp-content\/uploads\/2014\/11\/FAQ6P1.jpg\" \/>\n<meta name=\"twitter:card\" content=\"summary_large_image\" \/>\n<meta name=\"twitter:label1\" content=\"Dur\u00e9e de lecture estim\u00e9e\" \/>\n\t<meta name=\"twitter:data1\" content=\"1 minute\" \/>\n<script type=\"application\/ld+json\" class=\"yoast-schema-graph\">{\"@context\":\"https:\\\/\\\/schema.org\",\"@graph\":[{\"@type\":\"WebPage\",\"@id\":\"https:\\\/\\\/blogs.editionscle.com\\\/logos\\\/faq-6-jai-deja-un-base-package-de-logos-en-anglais-avec-des-dizaines-de-ressources-est-ce-que-les-packs-cle-marcheront-avec\\\/\",\"url\":\"https:\\\/\\\/blogs.editionscle.com\\\/logos\\\/faq-6-jai-deja-un-base-package-de-logos-en-anglais-avec-des-dizaines-de-ressources-est-ce-que-les-packs-cle-marcheront-avec\\\/\",\"name\":\"FAQ 6 : J'ai d\u00e9j\u00e0 Logos 5 ou 6 avec des dizaines de ressources en anglais. Est-ce que les packs Cl\u00e9 fonctionneront avec ? - Espace Logos\",\"isPartOf\":{\"@id\":\"https:\\\/\\\/blogs.editionscle.com\\\/logos\\\/#website\"},\"primaryImageOfPage\":{\"@id\":\"https:\\\/\\\/blogs.editionscle.com\\\/logos\\\/faq-6-jai-deja-un-base-package-de-logos-en-anglais-avec-des-dizaines-de-ressources-est-ce-que-les-packs-cle-marcheront-avec\\\/#primaryimage\"},\"image\":{\"@id\":\"https:\\\/\\\/blogs.editionscle.com\\\/logos\\\/faq-6-jai-deja-un-base-package-de-logos-en-anglais-avec-des-dizaines-de-ressources-est-ce-que-les-packs-cle-marcheront-avec\\\/#primaryimage\"},\"thumbnailUrl\":\"http:\\\/\\\/www.editionscle.com\\\/logos\\\/wp-content\\\/uploads\\\/2014\\\/11\\\/FAQ6P1.jpg\",\"datePublished\":\"2014-11-12T09:54:22+00:00\",\"dateModified\":\"2014-11-12T12:37:59+00:00\",\"breadcrumb\":{\"@id\":\"https:\\\/\\\/blogs.editionscle.com\\\/logos\\\/faq-6-jai-deja-un-base-package-de-logos-en-anglais-avec-des-dizaines-de-ressources-est-ce-que-les-packs-cle-marcheront-avec\\\/#breadcrumb\"},\"inLanguage\":\"fr-FR\",\"potentialAction\":[{\"@type\":\"ReadAction\",\"target\":[\"https:\\\/\\\/blogs.editionscle.com\\\/logos\\\/faq-6-jai-deja-un-base-package-de-logos-en-anglais-avec-des-dizaines-de-ressources-est-ce-que-les-packs-cle-marcheront-avec\\\/\"]}]},{\"@type\":\"ImageObject\",\"inLanguage\":\"fr-FR\",\"@id\":\"https:\\\/\\\/blogs.editionscle.com\\\/logos\\\/faq-6-jai-deja-un-base-package-de-logos-en-anglais-avec-des-dizaines-de-ressources-est-ce-que-les-packs-cle-marcheront-avec\\\/#primaryimage\",\"url\":\"http:\\\/\\\/www.editionscle.com\\\/logos\\\/wp-content\\\/uploads\\\/2014\\\/11\\\/FAQ6P1.jpg\",\"contentUrl\":\"http:\\\/\\\/www.editionscle.com\\\/logos\\\/wp-content\\\/uploads\\\/2014\\\/11\\\/FAQ6P1.jpg\"},{\"@type\":\"BreadcrumbList\",\"@id\":\"https:\\\/\\\/blogs.editionscle.com\\\/logos\\\/faq-6-jai-deja-un-base-package-de-logos-en-anglais-avec-des-dizaines-de-ressources-est-ce-que-les-packs-cle-marcheront-avec\\\/#breadcrumb\",\"itemListElement\":[{\"@type\":\"ListItem\",\"position\":1,\"name\":\"Accueil\",\"item\":\"https:\\\/\\\/blogs.editionscle.com\\\/logos\\\/\"},{\"@type\":\"ListItem\",\"position\":2,\"name\":\"FAQ 6 : J&rsquo;ai d\u00e9j\u00e0 Logos 5 ou 6 avec des dizaines de ressources en anglais. Est-ce que les packs Cl\u00e9 fonctionneront avec ?\"}]},{\"@type\":\"WebSite\",\"@id\":\"https:\\\/\\\/blogs.editionscle.com\\\/logos\\\/#website\",\"url\":\"https:\\\/\\\/blogs.editionscle.com\\\/logos\\\/\",\"name\":\"Espace Logos\",\"description\":\"Tout sur la version fran\u00e7aise\",\"potentialAction\":[{\"@type\":\"SearchAction\",\"target\":{\"@type\":\"EntryPoint\",\"urlTemplate\":\"https:\\\/\\\/blogs.editionscle.com\\\/logos\\\/?s={search_term_string}\"},\"query-input\":{\"@type\":\"PropertyValueSpecification\",\"valueRequired\":true,\"valueName\":\"search_term_string\"}}],\"inLanguage\":\"fr-FR\"}]}<\/script>\n<!-- \/ Yoast SEO plugin. -->","yoast_head_json":{"title":"FAQ 6 : J'ai d\u00e9j\u00e0 Logos 5 ou 6 avec des dizaines de ressources en anglais. Est-ce que les packs Cl\u00e9 fonctionneront avec ? - Espace Logos","robots":{"index":"index","follow":"follow","max-snippet":"max-snippet:-1","max-image-preview":"max-image-preview:large","max-video-preview":"max-video-preview:-1"},"canonical":"https:\/\/blogs.editionscle.com\/logos\/faq-6-jai-deja-un-base-package-de-logos-en-anglais-avec-des-dizaines-de-ressources-est-ce-que-les-packs-cle-marcheront-avec\/","og_locale":"fr_FR","og_type":"article","og_title":"FAQ 6 : J'ai d\u00e9j\u00e0 Logos 5 ou 6 avec des dizaines de ressources en anglais. Est-ce que les packs Cl\u00e9 fonctionneront avec ? - Espace Logos","og_description":"Oui. Logos est un outil qui accepte des ressources en plusieurs langues. Les packs Cl\u00e9 sont des collections de ressources qui fonctionnent seules ou avec les autres ressources Logos. Elles sont enti\u00e8rement\u00a0compatibles. Nota : Si vous avez d\u00e9j\u00e0 Logos 6, elles fonctionnent \u00e9galement. Notre conseil : \u00e0 Cl\u00e9, nous travaillons avec les packs Cl\u00e9 et &hellip; Continuer la lecture de FAQ 6 : J&rsquo;ai d\u00e9j\u00e0 Logos 5 ou 6 avec des dizaines de ressources en anglais. Est-ce que les packs Cl\u00e9 fonctionneront avec ? &rarr;","og_url":"https:\/\/blogs.editionscle.com\/logos\/faq-6-jai-deja-un-base-package-de-logos-en-anglais-avec-des-dizaines-de-ressources-est-ce-que-les-packs-cle-marcheront-avec\/","og_site_name":"Espace Logos","article_modified_time":"2014-11-12T12:37:59+00:00","og_image":[{"url":"http:\/\/www.editionscle.com\/logos\/wp-content\/uploads\/2014\/11\/FAQ6P1.jpg","type":"","width":"","height":""}],"twitter_card":"summary_large_image","twitter_misc":{"Dur\u00e9e de lecture estim\u00e9e":"1 minute"},"schema":{"@context":"https:\/\/schema.org","@graph":[{"@type":"WebPage","@id":"https:\/\/blogs.editionscle.com\/logos\/faq-6-jai-deja-un-base-package-de-logos-en-anglais-avec-des-dizaines-de-ressources-est-ce-que-les-packs-cle-marcheront-avec\/","url":"https:\/\/blogs.editionscle.com\/logos\/faq-6-jai-deja-un-base-package-de-logos-en-anglais-avec-des-dizaines-de-ressources-est-ce-que-les-packs-cle-marcheront-avec\/","name":"FAQ 6 : J'ai d\u00e9j\u00e0 Logos 5 ou 6 avec des dizaines de ressources en anglais. Est-ce que les packs Cl\u00e9 fonctionneront avec ? - Espace Logos","isPartOf":{"@id":"https:\/\/blogs.editionscle.com\/logos\/#website"},"primaryImageOfPage":{"@id":"https:\/\/blogs.editionscle.com\/logos\/faq-6-jai-deja-un-base-package-de-logos-en-anglais-avec-des-dizaines-de-ressources-est-ce-que-les-packs-cle-marcheront-avec\/#primaryimage"},"image":{"@id":"https:\/\/blogs.editionscle.com\/logos\/faq-6-jai-deja-un-base-package-de-logos-en-anglais-avec-des-dizaines-de-ressources-est-ce-que-les-packs-cle-marcheront-avec\/#primaryimage"},"thumbnailUrl":"http:\/\/www.editionscle.com\/logos\/wp-content\/uploads\/2014\/11\/FAQ6P1.jpg","datePublished":"2014-11-12T09:54:22+00:00","dateModified":"2014-11-12T12:37:59+00:00","breadcrumb":{"@id":"https:\/\/blogs.editionscle.com\/logos\/faq-6-jai-deja-un-base-package-de-logos-en-anglais-avec-des-dizaines-de-ressources-est-ce-que-les-packs-cle-marcheront-avec\/#breadcrumb"},"inLanguage":"fr-FR","potentialAction":[{"@type":"ReadAction","target":["https:\/\/blogs.editionscle.com\/logos\/faq-6-jai-deja-un-base-package-de-logos-en-anglais-avec-des-dizaines-de-ressources-est-ce-que-les-packs-cle-marcheront-avec\/"]}]},{"@type":"ImageObject","inLanguage":"fr-FR","@id":"https:\/\/blogs.editionscle.com\/logos\/faq-6-jai-deja-un-base-package-de-logos-en-anglais-avec-des-dizaines-de-ressources-est-ce-que-les-packs-cle-marcheront-avec\/#primaryimage","url":"http:\/\/www.editionscle.com\/logos\/wp-content\/uploads\/2014\/11\/FAQ6P1.jpg","contentUrl":"http:\/\/www.editionscle.com\/logos\/wp-content\/uploads\/2014\/11\/FAQ6P1.jpg"},{"@type":"BreadcrumbList","@id":"https:\/\/blogs.editionscle.com\/logos\/faq-6-jai-deja-un-base-package-de-logos-en-anglais-avec-des-dizaines-de-ressources-est-ce-que-les-packs-cle-marcheront-avec\/#breadcrumb","itemListElement":[{"@type":"ListItem","position":1,"name":"Accueil","item":"https:\/\/blogs.editionscle.com\/logos\/"},{"@type":"ListItem","position":2,"name":"FAQ 6 : J&rsquo;ai d\u00e9j\u00e0 Logos 5 ou 6 avec des dizaines de ressources en anglais. Est-ce que les packs Cl\u00e9 fonctionneront avec ?"}]},{"@type":"WebSite","@id":"https:\/\/blogs.editionscle.com\/logos\/#website","url":"https:\/\/blogs.editionscle.com\/logos\/","name":"Espace Logos","description":"Tout sur la version fran\u00e7aise","potentialAction":[{"@type":"SearchAction","target":{"@type":"EntryPoint","urlTemplate":"https:\/\/blogs.editionscle.com\/logos\/?s={search_term_string}"},"query-input":{"@type":"PropertyValueSpecification","valueRequired":true,"valueName":"search_term_string"}}],"inLanguage":"fr-FR"}]}},"_links":{"self":[{"href":"https:\/\/blogs.editionscle.com\/logos\/wp-json\/wp\/v2\/pages\/355","targetHints":{"allow":["GET"]}}],"collection":[{"href":"https:\/\/blogs.editionscle.com\/logos\/wp-json\/wp\/v2\/pages"}],"about":[{"href":"https:\/\/blogs.editionscle.com\/logos\/wp-json\/wp\/v2\/types\/page"}],"author":[{"embeddable":true,"href":"https:\/\/blogs.editionscle.com\/logos\/wp-json\/wp\/v2\/users\/1"}],"replies":[{"embeddable":true,"href":"https:\/\/blogs.editionscle.com\/logos\/wp-json\/wp\/v2\/comments?post=355"}],"version-history":[{"count":8,"href":"https:\/\/blogs.editionscle.com\/logos\/wp-json\/wp\/v2\/pages\/355\/revisions"}],"predecessor-version":[{"id":367,"href":"https:\/\/blogs.editionscle.com\/logos\/wp-json\/wp\/v2\/pages\/355\/revisions\/367"}],"wp:attachment":[{"href":"https:\/\/blogs.editionscle.com\/logos\/wp-json\/wp\/v2\/media?parent=355"}],"curies":[{"name":"wp","href":"https:\/\/api.w.org\/{rel}","templated":true}]}}