{"id":485,"date":"2014-12-19T11:15:15","date_gmt":"2014-12-19T11:15:15","guid":{"rendered":"http:\/\/editionscle.com\/logos\/?page_id=485"},"modified":"2015-01-30T10:26:01","modified_gmt":"2015-01-30T10:26:01","slug":"demonstrations-la-convention-cnef-pontoise-22-et-23-janvier-2015","status":"publish","type":"page","link":"https:\/\/blogs.editionscle.com\/logos\/demonstrations-la-convention-cnef-pontoise-22-et-23-janvier-2015\/","title":{"rendered":"La convention CNEF (Pontoise) 22 et 23 janvier 2015"},"content":{"rendered":"<p><a title=\"Plus d'infos sur la convention. Cliquez ici\" href=\"http:\/\/convention-cnef-2015.com\/\" target=\"_blank\" rel=\"http:\/\/convention-cnef-2015.com\"><img loading=\"lazy\" decoding=\"async\" class=\"aligncenter wp-image-484 size-full\" src=\"http:\/\/www.editionscle.com\/logos\/wp-content\/uploads\/2014\/12\/CNEF2015.jpg\" alt=\"Convention CNEF 2015\" width=\"300\" height=\"328\" srcset=\"https:\/\/blogs.editionscle.com\/logos\/wp-content\/uploads\/sites\/3\/2014\/12\/CNEF2015.jpg 300w, https:\/\/blogs.editionscle.com\/logos\/wp-content\/uploads\/sites\/3\/2014\/12\/CNEF2015-274x300.jpg 274w\" sizes=\"auto, (max-width: 300px) 100vw, 300px\" \/><\/a><\/p>\n<p>&nbsp;<\/p>\n<p>Du 22 au 23 janvier 2015, vous \u00eates\u00a0venus nous voir\u00a0au Stand <strong>\u00c9ditions CL\u00c9<\/strong>\/Alepef \u00e0 Pontoise.<\/p>\n<p>Des d\u00e9monstrations Logos ont \u00e9t\u00e9 r\u00e9alis\u00e9es pendant les 2 jours de la convention. Ce fut une bonne occasion pour vous de d\u00e9couvrir ce puissant\u00a0logiciel.<\/p>\n<p><a href=\"http:\/\/convention-cnef-2015.com\/\" target=\"_blank\"><img loading=\"lazy\" decoding=\"async\" class=\"aligncenter size-full wp-image-263\" src=\"http:\/\/www.editionscle.com\/logos\/wp-content\/uploads\/2014\/11\/FormationImg.jpg\" alt=\"FormationImg\" width=\"500\" height=\"251\" srcset=\"https:\/\/blogs.editionscle.com\/logos\/wp-content\/uploads\/sites\/3\/2014\/11\/FormationImg.jpg 500w, https:\/\/blogs.editionscle.com\/logos\/wp-content\/uploads\/sites\/3\/2014\/11\/FormationImg-300x150.jpg 300w\" sizes=\"auto, (max-width: 500px) 100vw, 500px\" \/><\/a><\/p>\n","protected":false},"excerpt":{"rendered":"<p>&nbsp; Du 22 au 23 janvier 2015, vous \u00eates\u00a0venus nous voir\u00a0au Stand \u00c9ditions CL\u00c9\/Alepef \u00e0 Pontoise. Des d\u00e9monstrations Logos ont \u00e9t\u00e9 r\u00e9alis\u00e9es pendant les 2 jours de la convention. Ce fut une bonne occasion pour vous de d\u00e9couvrir ce puissant\u00a0logiciel.<\/p>\n","protected":false},"author":1,"featured_media":0,"parent":0,"menu_order":0,"comment_status":"closed","ping_status":"closed","template":"","meta":{"footnotes":""},"class_list":["post-485","page","type-page","status-publish","hentry"],"yoast_head":"<!-- This site is optimized with the Yoast SEO plugin v27.3 - https:\/\/yoast.com\/product\/yoast-seo-wordpress\/ -->\n<title>La convention CNEF (Pontoise) 22 et 23 janvier 2015 - Espace Logos<\/title>\n<meta name=\"robots\" content=\"index, follow, max-snippet:-1, max-image-preview:large, max-video-preview:-1\" \/>\n<link rel=\"canonical\" href=\"https:\/\/blogs.editionscle.com\/logos\/demonstrations-la-convention-cnef-pontoise-22-et-23-janvier-2015\/\" \/>\n<meta property=\"og:locale\" content=\"fr_FR\" \/>\n<meta property=\"og:type\" content=\"article\" \/>\n<meta property=\"og:title\" content=\"La convention CNEF (Pontoise) 22 et 23 janvier 2015 - Espace Logos\" \/>\n<meta property=\"og:description\" content=\"&nbsp; Du 22 au 23 janvier 2015, vous \u00eates\u00a0venus nous voir\u00a0au Stand \u00c9ditions CL\u00c9\/Alepef \u00e0 Pontoise. Des d\u00e9monstrations Logos ont \u00e9t\u00e9 r\u00e9alis\u00e9es pendant les 2 jours de la convention. Ce fut une bonne occasion pour vous de d\u00e9couvrir ce puissant\u00a0logiciel.\" \/>\n<meta property=\"og:url\" content=\"https:\/\/blogs.editionscle.com\/logos\/demonstrations-la-convention-cnef-pontoise-22-et-23-janvier-2015\/\" \/>\n<meta property=\"og:site_name\" content=\"Espace Logos\" \/>\n<meta property=\"article:modified_time\" content=\"2015-01-30T10:26:01+00:00\" \/>\n<meta property=\"og:image\" content=\"http:\/\/www.editionscle.com\/logos\/wp-content\/uploads\/2014\/12\/CNEF2015.jpg\" \/>\n<meta name=\"twitter:card\" content=\"summary_large_image\" \/>\n<script type=\"application\/ld+json\" class=\"yoast-schema-graph\">{\"@context\":\"https:\\\/\\\/schema.org\",\"@graph\":[{\"@type\":\"WebPage\",\"@id\":\"https:\\\/\\\/blogs.editionscle.com\\\/logos\\\/demonstrations-la-convention-cnef-pontoise-22-et-23-janvier-2015\\\/\",\"url\":\"https:\\\/\\\/blogs.editionscle.com\\\/logos\\\/demonstrations-la-convention-cnef-pontoise-22-et-23-janvier-2015\\\/\",\"name\":\"La convention CNEF (Pontoise) 22 et 23 janvier 2015 - Espace Logos\",\"isPartOf\":{\"@id\":\"https:\\\/\\\/blogs.editionscle.com\\\/logos\\\/#website\"},\"primaryImageOfPage\":{\"@id\":\"https:\\\/\\\/blogs.editionscle.com\\\/logos\\\/demonstrations-la-convention-cnef-pontoise-22-et-23-janvier-2015\\\/#primaryimage\"},\"image\":{\"@id\":\"https:\\\/\\\/blogs.editionscle.com\\\/logos\\\/demonstrations-la-convention-cnef-pontoise-22-et-23-janvier-2015\\\/#primaryimage\"},\"thumbnailUrl\":\"http:\\\/\\\/www.editionscle.com\\\/logos\\\/wp-content\\\/uploads\\\/2014\\\/12\\\/CNEF2015.jpg\",\"datePublished\":\"2014-12-19T11:15:15+00:00\",\"dateModified\":\"2015-01-30T10:26:01+00:00\",\"breadcrumb\":{\"@id\":\"https:\\\/\\\/blogs.editionscle.com\\\/logos\\\/demonstrations-la-convention-cnef-pontoise-22-et-23-janvier-2015\\\/#breadcrumb\"},\"inLanguage\":\"fr-FR\",\"potentialAction\":[{\"@type\":\"ReadAction\",\"target\":[\"https:\\\/\\\/blogs.editionscle.com\\\/logos\\\/demonstrations-la-convention-cnef-pontoise-22-et-23-janvier-2015\\\/\"]}]},{\"@type\":\"ImageObject\",\"inLanguage\":\"fr-FR\",\"@id\":\"https:\\\/\\\/blogs.editionscle.com\\\/logos\\\/demonstrations-la-convention-cnef-pontoise-22-et-23-janvier-2015\\\/#primaryimage\",\"url\":\"http:\\\/\\\/www.editionscle.com\\\/logos\\\/wp-content\\\/uploads\\\/2014\\\/12\\\/CNEF2015.jpg\",\"contentUrl\":\"http:\\\/\\\/www.editionscle.com\\\/logos\\\/wp-content\\\/uploads\\\/2014\\\/12\\\/CNEF2015.jpg\"},{\"@type\":\"BreadcrumbList\",\"@id\":\"https:\\\/\\\/blogs.editionscle.com\\\/logos\\\/demonstrations-la-convention-cnef-pontoise-22-et-23-janvier-2015\\\/#breadcrumb\",\"itemListElement\":[{\"@type\":\"ListItem\",\"position\":1,\"name\":\"Accueil\",\"item\":\"https:\\\/\\\/blogs.editionscle.com\\\/logos\\\/\"},{\"@type\":\"ListItem\",\"position\":2,\"name\":\"La convention CNEF (Pontoise) 22 et 23 janvier 2015\"}]},{\"@type\":\"WebSite\",\"@id\":\"https:\\\/\\\/blogs.editionscle.com\\\/logos\\\/#website\",\"url\":\"https:\\\/\\\/blogs.editionscle.com\\\/logos\\\/\",\"name\":\"Espace Logos\",\"description\":\"Tout sur la version fran\u00e7aise\",\"potentialAction\":[{\"@type\":\"SearchAction\",\"target\":{\"@type\":\"EntryPoint\",\"urlTemplate\":\"https:\\\/\\\/blogs.editionscle.com\\\/logos\\\/?s={search_term_string}\"},\"query-input\":{\"@type\":\"PropertyValueSpecification\",\"valueRequired\":true,\"valueName\":\"search_term_string\"}}],\"inLanguage\":\"fr-FR\"}]}<\/script>\n<!-- \/ Yoast SEO plugin. -->","yoast_head_json":{"title":"La convention CNEF (Pontoise) 22 et 23 janvier 2015 - Espace Logos","robots":{"index":"index","follow":"follow","max-snippet":"max-snippet:-1","max-image-preview":"max-image-preview:large","max-video-preview":"max-video-preview:-1"},"canonical":"https:\/\/blogs.editionscle.com\/logos\/demonstrations-la-convention-cnef-pontoise-22-et-23-janvier-2015\/","og_locale":"fr_FR","og_type":"article","og_title":"La convention CNEF (Pontoise) 22 et 23 janvier 2015 - Espace Logos","og_description":"&nbsp; Du 22 au 23 janvier 2015, vous \u00eates\u00a0venus nous voir\u00a0au Stand \u00c9ditions CL\u00c9\/Alepef \u00e0 Pontoise. Des d\u00e9monstrations Logos ont \u00e9t\u00e9 r\u00e9alis\u00e9es pendant les 2 jours de la convention. Ce fut une bonne occasion pour vous de d\u00e9couvrir ce puissant\u00a0logiciel.","og_url":"https:\/\/blogs.editionscle.com\/logos\/demonstrations-la-convention-cnef-pontoise-22-et-23-janvier-2015\/","og_site_name":"Espace Logos","article_modified_time":"2015-01-30T10:26:01+00:00","og_image":[{"url":"http:\/\/www.editionscle.com\/logos\/wp-content\/uploads\/2014\/12\/CNEF2015.jpg","type":"","width":"","height":""}],"twitter_card":"summary_large_image","schema":{"@context":"https:\/\/schema.org","@graph":[{"@type":"WebPage","@id":"https:\/\/blogs.editionscle.com\/logos\/demonstrations-la-convention-cnef-pontoise-22-et-23-janvier-2015\/","url":"https:\/\/blogs.editionscle.com\/logos\/demonstrations-la-convention-cnef-pontoise-22-et-23-janvier-2015\/","name":"La convention CNEF (Pontoise) 22 et 23 janvier 2015 - Espace Logos","isPartOf":{"@id":"https:\/\/blogs.editionscle.com\/logos\/#website"},"primaryImageOfPage":{"@id":"https:\/\/blogs.editionscle.com\/logos\/demonstrations-la-convention-cnef-pontoise-22-et-23-janvier-2015\/#primaryimage"},"image":{"@id":"https:\/\/blogs.editionscle.com\/logos\/demonstrations-la-convention-cnef-pontoise-22-et-23-janvier-2015\/#primaryimage"},"thumbnailUrl":"http:\/\/www.editionscle.com\/logos\/wp-content\/uploads\/2014\/12\/CNEF2015.jpg","datePublished":"2014-12-19T11:15:15+00:00","dateModified":"2015-01-30T10:26:01+00:00","breadcrumb":{"@id":"https:\/\/blogs.editionscle.com\/logos\/demonstrations-la-convention-cnef-pontoise-22-et-23-janvier-2015\/#breadcrumb"},"inLanguage":"fr-FR","potentialAction":[{"@type":"ReadAction","target":["https:\/\/blogs.editionscle.com\/logos\/demonstrations-la-convention-cnef-pontoise-22-et-23-janvier-2015\/"]}]},{"@type":"ImageObject","inLanguage":"fr-FR","@id":"https:\/\/blogs.editionscle.com\/logos\/demonstrations-la-convention-cnef-pontoise-22-et-23-janvier-2015\/#primaryimage","url":"http:\/\/www.editionscle.com\/logos\/wp-content\/uploads\/2014\/12\/CNEF2015.jpg","contentUrl":"http:\/\/www.editionscle.com\/logos\/wp-content\/uploads\/2014\/12\/CNEF2015.jpg"},{"@type":"BreadcrumbList","@id":"https:\/\/blogs.editionscle.com\/logos\/demonstrations-la-convention-cnef-pontoise-22-et-23-janvier-2015\/#breadcrumb","itemListElement":[{"@type":"ListItem","position":1,"name":"Accueil","item":"https:\/\/blogs.editionscle.com\/logos\/"},{"@type":"ListItem","position":2,"name":"La convention CNEF (Pontoise) 22 et 23 janvier 2015"}]},{"@type":"WebSite","@id":"https:\/\/blogs.editionscle.com\/logos\/#website","url":"https:\/\/blogs.editionscle.com\/logos\/","name":"Espace Logos","description":"Tout sur la version fran\u00e7aise","potentialAction":[{"@type":"SearchAction","target":{"@type":"EntryPoint","urlTemplate":"https:\/\/blogs.editionscle.com\/logos\/?s={search_term_string}"},"query-input":{"@type":"PropertyValueSpecification","valueRequired":true,"valueName":"search_term_string"}}],"inLanguage":"fr-FR"}]}},"_links":{"self":[{"href":"https:\/\/blogs.editionscle.com\/logos\/wp-json\/wp\/v2\/pages\/485","targetHints":{"allow":["GET"]}}],"collection":[{"href":"https:\/\/blogs.editionscle.com\/logos\/wp-json\/wp\/v2\/pages"}],"about":[{"href":"https:\/\/blogs.editionscle.com\/logos\/wp-json\/wp\/v2\/types\/page"}],"author":[{"embeddable":true,"href":"https:\/\/blogs.editionscle.com\/logos\/wp-json\/wp\/v2\/users\/1"}],"replies":[{"embeddable":true,"href":"https:\/\/blogs.editionscle.com\/logos\/wp-json\/wp\/v2\/comments?post=485"}],"version-history":[{"count":5,"href":"https:\/\/blogs.editionscle.com\/logos\/wp-json\/wp\/v2\/pages\/485\/revisions"}],"predecessor-version":[{"id":600,"href":"https:\/\/blogs.editionscle.com\/logos\/wp-json\/wp\/v2\/pages\/485\/revisions\/600"}],"wp:attachment":[{"href":"https:\/\/blogs.editionscle.com\/logos\/wp-json\/wp\/v2\/media?parent=485"}],"curies":[{"name":"wp","href":"https:\/\/api.w.org\/{rel}","templated":true}]}}