{"id":563,"date":"2015-01-02T17:24:49","date_gmt":"2015-01-02T17:24:49","guid":{"rendered":"http:\/\/editionscle.com\/logos\/?page_id=563"},"modified":"2015-01-02T18:19:58","modified_gmt":"2015-01-02T18:19:58","slug":"liens-utiles","status":"publish","type":"page","link":"https:\/\/blogs.editionscle.com\/logos\/liens-utiles\/","title":{"rendered":"Liens utiles"},"content":{"rendered":"<p><a title=\"Forum officiel de la soci\u00e9t\u00e9 FaithLife sur le produit Logos\" href=\"https:\/\/community.logos.com\/forums\/120.aspx\" target=\"_blank\">Forum (Logos.com)<\/a><\/p>\n<p><a title=\"Blogue fran\u00e7ais officiel de la soci\u00e9t\u00e9 FaithLife sur le produit Logos\" href=\"http:\/\/francais.logos.com\/\" target=\"_blank\">Blogue fran\u00e7ais (logos.com)<\/a><\/p>\n<p><a title=\"Boutique des \u00c9ditions Cl\u00e9\" href=\"http:\/\/editionscle.com\">Boutique des \u00c9ditions Cl\u00e9<\/a><\/p>\n<p><a title=\"Page facebook de Cl\u00e9 sur les logiciels bibliques\" href=\"https:\/\/www.facebook.com\/pages\/Logiciels-bibliques-aux-%C3%89ditions-Cl%C3%A9\/192440434124826\" target=\"_blank\">Page Facebook de Cl\u00e9 sur les logiciels bibliques<\/a><\/p>\n<p>&nbsp;<\/p>\n","protected":false},"excerpt":{"rendered":"<p>Forum (Logos.com) Blogue fran\u00e7ais (logos.com) Boutique des \u00c9ditions Cl\u00e9 Page Facebook de Cl\u00e9 sur les logiciels bibliques &nbsp;<\/p>\n","protected":false},"author":1,"featured_media":0,"parent":0,"menu_order":0,"comment_status":"open","ping_status":"closed","template":"","meta":{"footnotes":""},"class_list":["post-563","page","type-page","status-publish","hentry"],"yoast_head":"<!-- This site is optimized with the Yoast SEO plugin v27.4 - https:\/\/yoast.com\/product\/yoast-seo-wordpress\/ -->\n<title>Liens utiles - Espace Logos<\/title>\n<meta name=\"robots\" content=\"index, follow, max-snippet:-1, max-image-preview:large, max-video-preview:-1\" \/>\n<link rel=\"canonical\" href=\"https:\/\/blogs.editionscle.com\/logos\/liens-utiles\/\" \/>\n<meta property=\"og:locale\" content=\"fr_FR\" \/>\n<meta property=\"og:type\" content=\"article\" \/>\n<meta property=\"og:title\" content=\"Liens utiles - Espace Logos\" \/>\n<meta property=\"og:description\" content=\"Forum (Logos.com) Blogue fran\u00e7ais (logos.com) Boutique des \u00c9ditions Cl\u00e9 Page Facebook de Cl\u00e9 sur les logiciels bibliques &nbsp;\" \/>\n<meta property=\"og:url\" content=\"https:\/\/blogs.editionscle.com\/logos\/liens-utiles\/\" \/>\n<meta property=\"og:site_name\" content=\"Espace Logos\" \/>\n<meta property=\"article:modified_time\" content=\"2015-01-02T18:19:58+00:00\" \/>\n<meta name=\"twitter:card\" content=\"summary_large_image\" \/>\n<script type=\"application\/ld+json\" class=\"yoast-schema-graph\">{\"@context\":\"https:\\\/\\\/schema.org\",\"@graph\":[{\"@type\":\"WebPage\",\"@id\":\"https:\\\/\\\/blogs.editionscle.com\\\/logos\\\/liens-utiles\\\/\",\"url\":\"https:\\\/\\\/blogs.editionscle.com\\\/logos\\\/liens-utiles\\\/\",\"name\":\"Liens utiles - Espace Logos\",\"isPartOf\":{\"@id\":\"https:\\\/\\\/blogs.editionscle.com\\\/logos\\\/#website\"},\"datePublished\":\"2015-01-02T17:24:49+00:00\",\"dateModified\":\"2015-01-02T18:19:58+00:00\",\"breadcrumb\":{\"@id\":\"https:\\\/\\\/blogs.editionscle.com\\\/logos\\\/liens-utiles\\\/#breadcrumb\"},\"inLanguage\":\"fr-FR\",\"potentialAction\":[{\"@type\":\"ReadAction\",\"target\":[\"https:\\\/\\\/blogs.editionscle.com\\\/logos\\\/liens-utiles\\\/\"]}]},{\"@type\":\"BreadcrumbList\",\"@id\":\"https:\\\/\\\/blogs.editionscle.com\\\/logos\\\/liens-utiles\\\/#breadcrumb\",\"itemListElement\":[{\"@type\":\"ListItem\",\"position\":1,\"name\":\"Accueil\",\"item\":\"https:\\\/\\\/blogs.editionscle.com\\\/logos\\\/\"},{\"@type\":\"ListItem\",\"position\":2,\"name\":\"Liens utiles\"}]},{\"@type\":\"WebSite\",\"@id\":\"https:\\\/\\\/blogs.editionscle.com\\\/logos\\\/#website\",\"url\":\"https:\\\/\\\/blogs.editionscle.com\\\/logos\\\/\",\"name\":\"Espace Logos\",\"description\":\"Tout sur la version fran\u00e7aise\",\"potentialAction\":[{\"@type\":\"SearchAction\",\"target\":{\"@type\":\"EntryPoint\",\"urlTemplate\":\"https:\\\/\\\/blogs.editionscle.com\\\/logos\\\/?s={search_term_string}\"},\"query-input\":{\"@type\":\"PropertyValueSpecification\",\"valueRequired\":true,\"valueName\":\"search_term_string\"}}],\"inLanguage\":\"fr-FR\"}]}<\/script>\n<!-- \/ Yoast SEO plugin. -->","yoast_head_json":{"title":"Liens utiles - Espace Logos","robots":{"index":"index","follow":"follow","max-snippet":"max-snippet:-1","max-image-preview":"max-image-preview:large","max-video-preview":"max-video-preview:-1"},"canonical":"https:\/\/blogs.editionscle.com\/logos\/liens-utiles\/","og_locale":"fr_FR","og_type":"article","og_title":"Liens utiles - Espace Logos","og_description":"Forum (Logos.com) Blogue fran\u00e7ais (logos.com) Boutique des \u00c9ditions Cl\u00e9 Page Facebook de Cl\u00e9 sur les logiciels bibliques &nbsp;","og_url":"https:\/\/blogs.editionscle.com\/logos\/liens-utiles\/","og_site_name":"Espace Logos","article_modified_time":"2015-01-02T18:19:58+00:00","twitter_card":"summary_large_image","schema":{"@context":"https:\/\/schema.org","@graph":[{"@type":"WebPage","@id":"https:\/\/blogs.editionscle.com\/logos\/liens-utiles\/","url":"https:\/\/blogs.editionscle.com\/logos\/liens-utiles\/","name":"Liens utiles - Espace Logos","isPartOf":{"@id":"https:\/\/blogs.editionscle.com\/logos\/#website"},"datePublished":"2015-01-02T17:24:49+00:00","dateModified":"2015-01-02T18:19:58+00:00","breadcrumb":{"@id":"https:\/\/blogs.editionscle.com\/logos\/liens-utiles\/#breadcrumb"},"inLanguage":"fr-FR","potentialAction":[{"@type":"ReadAction","target":["https:\/\/blogs.editionscle.com\/logos\/liens-utiles\/"]}]},{"@type":"BreadcrumbList","@id":"https:\/\/blogs.editionscle.com\/logos\/liens-utiles\/#breadcrumb","itemListElement":[{"@type":"ListItem","position":1,"name":"Accueil","item":"https:\/\/blogs.editionscle.com\/logos\/"},{"@type":"ListItem","position":2,"name":"Liens utiles"}]},{"@type":"WebSite","@id":"https:\/\/blogs.editionscle.com\/logos\/#website","url":"https:\/\/blogs.editionscle.com\/logos\/","name":"Espace Logos","description":"Tout sur la version fran\u00e7aise","potentialAction":[{"@type":"SearchAction","target":{"@type":"EntryPoint","urlTemplate":"https:\/\/blogs.editionscle.com\/logos\/?s={search_term_string}"},"query-input":{"@type":"PropertyValueSpecification","valueRequired":true,"valueName":"search_term_string"}}],"inLanguage":"fr-FR"}]}},"_links":{"self":[{"href":"https:\/\/blogs.editionscle.com\/logos\/wp-json\/wp\/v2\/pages\/563","targetHints":{"allow":["GET"]}}],"collection":[{"href":"https:\/\/blogs.editionscle.com\/logos\/wp-json\/wp\/v2\/pages"}],"about":[{"href":"https:\/\/blogs.editionscle.com\/logos\/wp-json\/wp\/v2\/types\/page"}],"author":[{"embeddable":true,"href":"https:\/\/blogs.editionscle.com\/logos\/wp-json\/wp\/v2\/users\/1"}],"replies":[{"embeddable":true,"href":"https:\/\/blogs.editionscle.com\/logos\/wp-json\/wp\/v2\/comments?post=563"}],"version-history":[{"count":2,"href":"https:\/\/blogs.editionscle.com\/logos\/wp-json\/wp\/v2\/pages\/563\/revisions"}],"predecessor-version":[{"id":572,"href":"https:\/\/blogs.editionscle.com\/logos\/wp-json\/wp\/v2\/pages\/563\/revisions\/572"}],"wp:attachment":[{"href":"https:\/\/blogs.editionscle.com\/logos\/wp-json\/wp\/v2\/media?parent=563"}],"curies":[{"name":"wp","href":"https:\/\/api.w.org\/{rel}","templated":true}]}}